s divided by s.
8
Let y(v) = -v**2 + v + 10. Calculate the remainder when y(0) is divided by 6.
4
Let c be (1 - 0)*(5 - -1). Suppose 1 = -z + c. Suppose f + 2*f = 3*b - 39, 0 = -z*b - 5*f + 95. Calculate the remainder when b is divided by 6.
4
Let h(q) = q**3 - 8*q**2 + 7*q + 3. Let d be h(7). Let n be (27/d)/3*-1. Calculate the remainder when 18 is divided by (5 + -2)*(-10)/n.
8
Suppose 0 = 5*j + 36 - 106. Calculate the remainder when 26 is divided by j.
12
Let g be ((2 - -1) + 0)/(-1). Calculate the remainder when 62 is divided by (-124)/(-6) - 1/g.
20
Suppose -4*m = m - 15. What is the remainder when m is divided by 3?
0
Calculate the remainder when (3 - 0)/((-7)/(-77)) is divided by 7.
5
Let q(a) = -a**3 - 3*a**2 + 18*a + 9. Suppose -4*w - 2*i + 4 = -30, 2*w + 5*i - 37 = 0. Calculate the remainder when q(-6) is divided by w.
3
Suppose -5*l = -2*o, 2*l + 12 = 3*o + 1. Let m(d) = 3*d**2 + 2*d + 1. What is the remainder when m(l) is divided by 9?
8
Let t = -6 - -71. Suppose p = 2*p - t. Calculate the remainder when p is divided by 22.
21
Suppose -5*x + x = -12. Let b(k) = k**3 - x*k**2 - 7*k + 1 + 5 + 0*k**3. Calculate the remainder when 41 is divided by b(5).
20
Let g = 26 + -4. Calculate the remainder when g is divided by 13.
9
Let y(h) = -h**3 + 9*h**2 - 4*h. Let l be y(8). Let p = 56 - l. Calculate the remainder when p is divided by 13.
11
Let w = -32 + 42. What is the remainder when (-87)/2*(-2)/3 is divided by w?
9
Suppose -2*u + 61 = -o + 25, -3*o = 3*u - 36. Let j be ((-3)/(-3))/((-2)/4). Calculate the remainder when j/(-9)*69*3 is divided by u.
14
Suppose 0 = a + 3*a + 24. Let l(r) = -r**3 - 5*r**2 + r. What is the remainder when 89 is divided by l(a)?
29
Let o = -98 + 176. Calculate the remainder when o is divided by 21.
15
Suppose 34 = -5*b - 2*o, -23 = 4*b + 4*o - o. What is the remainder when 41 is divided by (b/16)/((-1)/22)?
8
Let f(p) = p**2 + 11*p + 12. Calculate the remainder when f(-11) is divided by (-7)/(-2)*(-4)/(-2).
5
Let u(v) = 2*v**3 + 2*v**2 - v. Let q be u(1). Let i be 3 + 9/3 - q. Suppose i*t - t = 24. What is the remainder when 22 is divided by t?
10
Suppose 2*h = -h + 9. Suppose -z - 2*m = -12, -h*z + 9 = -z - m. What is the remainder when 16 is divided by z?
4
Let k = 13 - 1. Suppose -m - 2*h - 3*h = 23, -4*h - 16 = 2*m. What is the remainder when (m/3)/(2/102) is divided by k?
10
Suppose 0 = a - 0 - 1. Suppose -5*y = -4*o + 8 + 5, -4*y + 4 = 4*o. Calculate the remainder when o is divided by a.
0
Suppose 5*n - 1 = 3*y - 3, -5*y + 4*n = -12. Suppose -3*b + 4*b = -4*c + 2, 2*b - 14 = 2*c. What is the remainder when b is divided by y?
2
Let u(b) = 11*b - 1. Let o = 86 + 27. Suppose a = -4*d + 117, 3*d - o = -d + 3*a. What is the remainder when d is divided by u(1)?
9
Let y = -15 + 9. Let r = 10 + y. Suppose v = -v + r. What is the remainder when 4 is divided by v?
0
Suppose 4*z = -9 + 237. Calculate the remainder when z is divided by 12.
9
Let u(d) = d**3 - 2*d**2 + d - 1. Let p(j) = -2*j**3 + 3*j**2 - j + 1. Let f(c) = 3*p(c) + 5*u(c). What is the remainder when f(-3) is divided by 6?
4
Suppose 0 = -4*q + 12. Suppose -k - 7 = -j, 0 = q*j - k + 2*k - 9. Let p(u) = u**2 - u + 14. Calculate the remainder when p(0) is divided by j.
2
Suppose -15 - 21 = -3*s. Let n be 99 - (1 - (2 + -1)). Suppose 3*j - n = y, 0 = 3*j - 2*y + 6*y - 114. Calculate the remainder when j is divided by s.
10
Let w = -43 - -50. Calculate the remainder when 29 is divided by w.
1
Let i = 28 + -9. Let r = 60 + -49. Calculate the remainder when i is divided by r.
8
Suppose g + 1 = -2*b - b, -9 = -3*b - 3*g. Let s be ((b/1)/1)/1. What is the remainder when 52 + (2*s - -2) is divided by 17?
16
Suppose -q = n - 65, 5*q - 334 + 9 = 2*n. What is the remainder when q is divided by 23?
19
Suppose -4*a - 13 = -5*a. Let v(d) = -d**3 + 5*d**2 + 9*d - 6. Let o be v(7). Let h = -17 - o. What is the remainder when h is divided by a?
11
Let m be -4 + (1 - 2) + 3. What is the remainder when m/(-9) + (-2645)/(-45) is divided by 12?
11
Suppose -d = -2*g - 0 - 6, 0 = 3*g - 3. Suppose -z - d = -5*z. Let s = 3 - z. What is the remainder when 2 is divided by s?
0
Let y(b) = 2*b**2 - 4*b + 2. What is the remainder when y(4) is divided by 7?
4
Let m = -13 + 8. Let j be (-1 - -1)*m/10. Let l(p) = -p + 5. What is the remainder when 14 is divided by l(j)?
4
Suppose 389 = 4*p + p - f, 4*f = 5*p - 401. Suppose -p - 118 = -5*x. Let q(k) = -k**2 + 21*k - 28. Calculate the remainder when x is divided by q(19).
9
Let i be 8/3 - (-2)/(-3). Let z = 83 - 55. Suppose -y - 3*y + z = 4*p, -3*p + i*y + 46 = 0. Calculate the remainder when p is divided by 7.
5
Let d(k) = -2*k - 11. Let v(q) = -3*q - 21. Let n(s) = -9*d(s) + 5*v(s). Calculate the remainder when 16 is divided by n(4).
4
Let q(n) = n - 1. Let w(i) = 3*i - 4. Let s(y) = 17*q(y) - 6*w(y). Let h be s(5). Suppose 3 = h*l - 5. What is the remainder when 11 is divided by l?
3
What is the remainder when 84 is divided by 85/3 + -6 - 2/6?
18
Suppose -2*s + 39 = 5. Let p = -169 - -200. What is the remainder when p is divided by s?
14
What is the remainder when 8/(-14) - 291/(-7) is divided by (11/3)/((-2)/(-12))?
19
Let k be 0/(-15)*(1 + 0). Suppose 0 = -4*j + 2*r + 58, 2*j + 2*r - 13 - 13 = k. Calculate the remainder when 54 is divided by j.
12
Suppose 0 = 3*d - 12, 8 + 6 = 3*l - d. What is the remainder when 16 is divided by l?
4
Let g(x) = 10*x. Suppose 2*w = -3*w + 20. Let z(n) = n**3 - 5*n**2 + 4*n + 4. Calculate the remainder when g(1) is divided by z(w).
2
Let m = -2 - 4. What is the remainder when (-15)/(-10)*(-92)/m is divided by 13?
10
Suppose 0*o - o + 4 = 0. Suppose o*f - 8*f + 32 = 0. What is the remainder when 30 is divided by f?
6
Suppose 4*u + 10 + 2 = 0. Let v(x) = 19*x - 4. Let b(n) = -n + 1. Let f(s) = u*b(s) - v(s). Calculate the remainder when f(-1) is divided by 6.
5
Let r = -23 + 77. Suppose -w + r = 2*w - 2*c, -2*w = c - 43. Suppose -4*b + 47 = 3. What is the remainder when w is divided by b?
9
Let a = -9 - -11. Let m be (-102)/(-3) + a - 3. Suppose 3*s - m = 2*s. Calculate the remainder when s is divided by 17.
16
Suppose 0*z - 3*z = -45. Suppose z + 135 = -5*a. Let u = a + 48. Calculate the remainder when 53 is divided by u.
17
Let a(q) = q**3 - 2*q**2 + 2*q + 79. What is the remainder when a(0) is divided by 27?
25
Let b(u) = 77*u - 2. Let h(d) = -d - 1. Let f be h(2). Let v(r) = 26*r - 1. Let t(w) = f*b(w) + 8*v(w). What is the remainder when t(-2) is divided by 15?
14
Suppose -9 = -3*a, -a = 5*f - 6*a - 220. Calculate the remainder when f is divided by 24.
23
Let t = 24 - 14. Let f(j) = 2*j**2 - 5*j - 7. What is the remainder when f(5) is divided by t?
8
Suppose 337 = 15*w - 338. Let h = 38 - 22. Calculate the remainder when w is divided by h.
13
Suppose 3 = -3*u + 12. Suppose -64 = -f - u*f. Calculate the remainder when 47 is divided by f.
15
Suppose -3*g + 1 = -8. Let d(u) = u**2 + 3*u + 4. What is the remainder when d(-4) is divided by g?
2
Let k(o) = 207*o**2. Let d be k(-2). Suppose -2*n - d = -5*i - 223, 5*i - 5*n = 620. What is the remainder when i is divided by 30?
29
Let f = -32 - -36. What is the remainder when 13 is divided by f?
1
Suppose b - 21 - 48 = 0. Suppose 0 = h - x - 27, 3*h - 5*x = h + b. Calculate the remainder when h is divided by 24/15*(-30)/(-4).
10
Let y = 59 - -83. Suppose -2*v = -p + 45, -3*p - v + y = 7. Calculate the remainder when p is divided by 23.
22
Suppose 6*i - 9 = 75. Let q(s) = -s**3 + s**2 + 53. Calculate the remainder when q(0) is divided by i.
11
Suppose 0 = f + f - 5*o - 27, -5*o = 5*f - 120. Suppose 0 = 4*w + 4*k - 12, -5*w - 7*k + 3*k = -19. Calculate the remainder when (1*-2 - 0) + f is divided by w.
5
Suppose 11*u = 8*u + 66. Calculate the remainder when u is divided by 8.
6
Let w(o) = -o**2 - 6*o + 7. Let t(s) = s**3 - 5*s**2 + 5*s - 1. Let a be t(4). Let u = 1 + a. Calculate the remainder when w(-6) is divided by u.
3
Let m(c) = -3*c**3 + 5*c**2 + 7*c + 4. Let v(u) = -u**3 - u**2 + u. Let l(b) = m(b) - 2*v(b). Calculate the remainder when l(6) is divided by 24.
22
Suppose 0 + 62 = 2*v. Suppose 5*k = 5*t - 95, -4*t = -6*t - 5*k + v. Let h(y) = -y**2 + 6*y + 5. Calculate the remainder when t is divided by h(5).
8
Suppose 12 + 3 = 3*g. Calculate the re